2 - 2*c - 34. What is the units digit of j(-3)?
6
Let x(j) be the third derivative of -j**6/120 + j**5/12 - j**4/6 + j**3/2 + j**2. Let s be x(4). Let h = s - 2. What is the units digit of h?
1
Let n(b) = 2*b**2 - 3*b + 2. Let d be n(2). Suppose j + 0 - 2 = -d*h, 6 = -4*h - 5*j. What is the tens digit of (110/(-5) - h)*-3?
6
Suppose 144*d + 5203 = 155*d. What is the hundreds digit of d?
4
Let y(u) = 7 + 8 + 2 - 26 - 14*u. What is the tens digit of y(-5)?
6
Let m = 95 + -66. Suppose 16*l - 19 - 13 = 0. What is the tens digit of 2*1/l + m?
3
Let b(r) be the first derivative of r**5/30 - r**4/8 + r**3/6 + 2*r**2 - 5. Let d(c) be the second derivative of b(c). What is the tens digit of d(4)?
2
Let u be 12*(0/(-4) + 1). Let f = u + -10. Suppose -2*g - 54 = -5*s + 49, 44 = 2*s + f*g. What is the tens digit of s?
2
Let g(a) = -17*a + 15. Let f(i) = -17*i + 15. Let o(d) = 6*f(d) - 5*g(d). What is the tens digit of o(-3)?
6
Let q(b) be the second derivative of 0 - 1/6*b**3 + 8*b**2 - 9*b. What is the units digit of q(8)?
8
Let g = 19 + -18. What is the units digit of (23 + g)/((2 + 0)/14)?
8
Suppose -13 = -3*o - 7. Suppose 0 = c + 2*z - 26, 4*c + o*z = 3 + 119. What is the tens digit of c?
3
Suppose -33*o = -5517 + 336. What is the tens digit of o?
5
Let y(h) = -h**2 - h + 14. Let i be y(-3). Suppose 3*d = 31 + 20. Suppose 5*p - i = d. What is the units digit of p?
5
Let r be 1*2/8 - (-38)/8. Suppose -r*f + 9*f = 84. What is the units digit of f?
1
Let q = 90 + -85. Suppose -552 = q*i - 1622. What is the tens digit of i?
1
Let v(i) be the second derivative of i**4/12 - i**3 - 5*i**2/2 - i. Suppose 22*t - 23*t = -7. What is the units digit of v(t)?
2
Let o(g) = -g**3 - 7*g**2 + g + 7. Let l be o(-6). What is the tens digit of (-21)/l - (-584)/10?
5
Suppose -61*g + 19272 = -39*g. What is the tens digit of g?
7
Suppose -4*b = 2*p + 3*p - 13, p + 4*b = 9. Suppose -p = 5*t - 11. Suppose 29 = t*m - 11. What is the units digit of m?
0
Let f = 1990 + 446. What is the thousands digit of f?
2
Suppose -114 = 2*m - 8*m. Suppose 0 = 16*f - m*f + 12. What is the units digit of f?
4
Suppose 4*u = 0, 0 = -3*k + 4*u + 3542 + 2260. What is the thousands digit of k?
1
Suppose -2*b + 2772 = 5*w - 142, -5*w = -b - 2908. What is the units digit of w?
2
Let n = -1 + -6. Let o(a) be the first derivative of -a**2 - 9*a + 211. What is the units digit of o(n)?
5
Suppose 0 = -2*k - 3*z - 9, 4*k - 2*z + 3 - 25 = 0. Suppose 5*g + 3*t = -17, g + k*t = -0*t - 13. Let r(u) = 22*u**2 - 1. What is the units digit of r(g)?
1
Let j = -503 + 2609. What is the thousands digit of j?
2
Let o = 2 + 1. Let n be (189/3)/o + 0. Let c = -9 + n. What is the units digit of c?
2
Suppose 4*j - 826 = 2*j. Suppose 4*q = -4*s + 336, 3*q - q = 5*s - j. What is the units digit of s?
3
Let n(l) = 56*l**2 + 6*l - 10. What is the hundreds digit of n(3)?
5
Let s(a) = a**3 + a**2 + a - 9. Let p be s(0). Let x(d) be the third derivative of -d**5/60 - d**4/2 + 4*d**3/3 - 9*d**2. What is the tens digit of x(p)?
3
What is the hundreds digit of 1*(-7)/35*-3455?
6
Let p(u) = -15*u - 14. Suppose 0 = -5*g - 47 + 12. What is the units digit of p(g)?
1
Let a be 2/5 - (-16)/10. Let g(l) be the second derivative of 3*l**5/20 - l**4/3 + 2*l**3/3 - 3*l**2/2 + 3*l. What is the units digit of g(a)?
3
Suppose 2*x + 60 = b + 6*x, -3*b + 171 = 3*x. What is the tens digit of b?
5
Suppose 0 = -h - 3*g + 15, -h + g + 19 = -0*h. Let y = 39 + h. What is the units digit of y?
7
Let a(b) = -2*b - 12. Let n be a(-8). Suppose -n*l = -2*l - 4. Suppose -l*y + 80 = -0*y. What is the tens digit of y?
4
Let u = -119 - -601. What is the hundreds digit of u?
4
Let p = -245 - -120. What is the units digit of ((-32)/40)/(1/p)?
0
Let o be 3 + -4*2/4. Suppose 4 = 2*g + 2*g - u, o = g + 5*u. Suppose n - g = 4. What is the units digit of n?
5
Let d = 836 - 225. What is the hundreds digit of d?
6
Suppose -42*u = -106*u + 156736. What is the tens digit of u?
4
Suppose 31*h = -13180 + 46846. What is the hundreds digit of h?
0
Let q = 5 + -2. Suppose -46 = -l + q*c, 0*l - l + 43 = -4*c. What is the units digit of l?
5
Let c(x) = x**2 - 3*x + 1. Let d(z) = -z**2 + 8*z + 4. Let a be d(9). Let u be c(a). Suppose 3*h - u = 43. What is the units digit of h?
8
Let p(i) = i**3 - 8*i**2 + 3*i + 14. Let q be p(10). Suppose 2*t = -2*t + q. What is the units digit of -1 + -3 - (0 - t)?
7
Let q be 52/5 + (-28)/70. Let k(d) = d**3 - 10*d**2 + 7*d - 10. What is the tens digit of k(q)?
6
Suppose -8*m + 6042 = 1226. What is the units digit of m?
2
Let b = 1236 - -922. What is the units digit of b?
8
Suppose -2*h = 4, -2*h - 1127 = -4*q + 633. Suppose -o + q = 2*o + 2*w, -2*o = -2*w - 286. What is the tens digit of o?
4
Suppose 0 = 107*v - 111*v + 6868. What is the tens digit of v?
1
Suppose 10*b - 5*b = 10. Suppose 2*g - 5*d = 9, 2*g + 4*d - 2 = b*d. Suppose 7*v - g*v + 30 = z, 5*z - 120 = -5*v. What is the units digit of z?
5
Let r(c) = -3*c**3 + 2*c**2 - c - 9. Let x(g) = g**3 - g**2 + 3. Let k(f) = 3*r(f) + 8*x(f). Let l be k(-3). What is the units digit of (-5)/l + (-25)/(-3)?
8
Let l(u) = -u**3 + 2*u**2 + 3*u + 5. Let b be l(-2). Suppose -k + b = 2. What is the tens digit of k?
1
Suppose -10*q + 34*q - 3432 = 0. What is the hundreds digit of q?
1
Let r(n) = n**2 - 5*n - 8. Let w be r(7). What is the units digit of 6/(-36) + 295/w?
9
Let x = 28 - 23. Suppose -4*r + 117 = -0*r + b, -r + 53 = x*b. Suppose r*j - 23*j = 80. What is the tens digit of j?
1
Suppose 0 = -10*x + 629 + 881. What is the tens digit of x?
5
Let r = 2858 - 1880. What is the units digit of r?
8
Suppose 16*f = 15*f + 13. Suppose 3660 = 2*k + f*k. What is the units digit of k?
4
Suppose -5*b = 3*d - 5*d - 313, 5*d - 224 = -4*b. Let r be (86/(-4))/((-1)/4). Let j = r - b. What is the tens digit of j?
2
Let x be (-51)/(-34) + (-30)/(-4). What is the tens digit of 6/x + (-508)/(-12)?
4
Let r(n) = -n**3 - 6*n**2 + 9*n + 7. Let j be r(-7). Let s = j - -11. Suppose -2*y + 6*u - 4*u + s = 0, 0 = -4*y - 5*u + 8. What is the units digit of y?
2
Let g(x) = x**3 + 6*x**2 + 3*x - 1. Let r be 230/70 + 4/(-14). Let v(n) = -2*n + 1. Let k be v(r). What is the units digit of g(k)?
9
Suppose 0 = -4*a - 46 - 90. Let x(k) = -k**3 + k - 15. Let u be x(0). Let s = u - a. What is the tens digit of s?
1
Let v(n) = n**3 + 4*n + 13. Let g(i) = -3*i**3 - i**2 - 12*i - 39. Let y(z) = -3*g(z) - 8*v(z). What is the units digit of y(-3)?
1
Let r(k) = -2*k - 12. Suppose -5*s + 24 = -4*s. Suppose -16 + s = -z. What is the units digit of r(z)?
4
Let j(u) = u**3 + 28*u**2 + 18*u + 52. What is the tens digit of j(-27)?
9
Suppose 3 = -0*j + 3*j, 0 = q - j - 650. What is the tens digit of q?
5
What is the tens digit of (-111414)/(-31) - ((0 - -2) + -2)?
9
Let p(o) = -o**3 + 8*o**2 + 10*o - 9. Let n be p(9). Suppose n = 2*i - q - 70, 0 = -2*i + q - 3*q + 82. What is the tens digit of i?
3
Suppose 2*s - 1 - 1 = -g, -s + 4*g = 8. Suppose s*t - 316 = -4*t + 4*h, 4*t - 318 = 2*h. What is the tens digit of t?
8
Suppose 3*d + 1850 = 5*a, -8*d = -9*d. What is the units digit of a?
0
Let h = 58 - 13. What is the hundreds digit of 5/(h/12)*75?
1
Let g = -10 + 12. What is the tens digit of (-3924)/(-44) + 0 - g/11?
8
Suppose -6*p + 1500 = -4164. What is the hundreds digit of p?
9
Suppose -244 = -5*m + m. Suppose -17 = -h - 0*k - k, 3*h + k = m. What is the tens digit of h?
2
Suppose u - 4786 = -2*f, 7*u - 11960 = -5*f + 2*u. What is the tens digit of f?
9
Let z = -9 + 22. Suppose -17*v + 920 = -7*v. Suppose -v = -3*b + z. What is the tens digit of b?
3
Let w be (-3)/6 - 230/(-4). Suppose -h = 2*h - w. Suppose -4*m + h = p - 0*p, -4*p + 16 = 4*m. What is the units digit of m?
5
Let c = -8 - 2. Let z = c + 7. What is the units digit of 40/6 - (-2)/z?
6
Let i be ((-10)/(-4) + 15 + -18)*0. Suppose i = -g + 80 - 24. What is the tens digit of g?
5
Let x be (1/(2/(-122)))/(-1). Let i = 103 - x. What is the tens digit of i?
4
Let z(s) = 45*s - 8. Let i(g) = 136*g - 23. Let h(k) = -2*i(k) + 7*z(k). What is the units digit of h(3)?
9
Suppose 0 = -2*n - 4 + 12. Let x be (75/n)/(-5)*4. Let i = 24 + x. What is the units digit of i?
9
Suppose 21*x - 128 = 2854. What is the tens digit of x?
4
Let t be 57/12 + 3/(-4). Suppose -5*j + j + 684 = 5*a, -4*j = t*a